{"id":199,"date":"2026-01-06T21:20:32","date_gmt":"2026-01-06T20:20:32","guid":{"rendered":"https:\/\/kalibrenov.fr\/?page_id=199"},"modified":"2026-01-06T21:56:23","modified_gmt":"2026-01-06T20:56:23","slug":"carrelage-et-sols","status":"publish","type":"page","link":"https:\/\/kalibrenov.fr\/index.php\/carrelage-et-sols\/","title":{"rendered":"Carrelage et sols"},"content":{"rendered":"\n<figure class=\"wp-block-image size-large\"><img fetchpriority=\"high\" decoding=\"async\" width=\"1024\" height=\"683\" src=\"https:\/\/kalibrenov.fr\/wp-content\/uploads\/2025\/07\/car-1024x683.jpg\" alt=\"\" class=\"wp-image-26\" srcset=\"https:\/\/kalibrenov.fr\/wp-content\/uploads\/2025\/07\/car-1024x683.jpg 1024w, https:\/\/kalibrenov.fr\/wp-content\/uploads\/2025\/07\/car-300x200.jpg 300w, https:\/\/kalibrenov.fr\/wp-content\/uploads\/2025\/07\/car-768x512.jpg 768w, https:\/\/kalibrenov.fr\/wp-content\/uploads\/2025\/07\/car-1536x1024.jpg 1536w, https:\/\/kalibrenov.fr\/wp-content\/uploads\/2025\/07\/car-2048x1365.jpg 2048w\" sizes=\"(max-width: 1024px) 100vw, 1024px\" \/><\/figure>\n\n\n\n<p>Nous assurons la <strong>pose et la r\u00e9novation de tous types de rev\u00eatements de sol<\/strong>, en neuf comme en r\u00e9novation.<br>Nos prestations incluent :<\/p>\n\n\n\n<ul class=\"wp-block-list\">\n<li>carrelage (sol et mural),<\/li>\n\n\n\n<li>parquet stratifi\u00e9 ou contrecoll\u00e9,<\/li>\n\n\n\n<li>sols PVC et rev\u00eatements techniques,<\/li>\n\n\n\n<li>pr\u00e9paration des supports et ragr\u00e9age. Nous vous conseillons dans le choix des mat\u00e9riaux les plus adapt\u00e9s \u00e0 votre usage (habitation, location, pi\u00e8ce humide) afin de garantir un rendu esth\u00e9tique, durable et facile d\u2019entretien. Chaque pose est r\u00e9alis\u00e9e avec pr\u00e9cision et finitions professionnelles. <strong>Contactez-nous pour une \u00e9tude personnalis\u00e9e et un devis gratuit.<\/strong><\/li>\n<\/ul>\n\n\n\n<p><\/p>\n","protected":false},"excerpt":{"rendered":"<p>Nous assurons la pose et la r\u00e9novation de tous types de rev\u00eatements de sol, en neuf comme en r\u00e9novation.Nos prestations incluent :<\/p>\n","protected":false},"author":1,"featured_media":0,"parent":0,"menu_order":0,"comment_status":"closed","ping_status":"closed","template":"","meta":{"footnotes":""},"class_list":["post-199","page","type-page","status-publish","hentry"],"_links":{"self":[{"href":"https:\/\/kalibrenov.fr\/index.php\/wp-json\/wp\/v2\/pages\/199","targetHints":{"allow":["GET"]}}],"collection":[{"href":"https:\/\/kalibrenov.fr\/index.php\/wp-json\/wp\/v2\/pages"}],"about":[{"href":"https:\/\/kalibrenov.fr\/index.php\/wp-json\/wp\/v2\/types\/page"}],"author":[{"embeddable":true,"href":"https:\/\/kalibrenov.fr\/index.php\/wp-json\/wp\/v2\/users\/1"}],"replies":[{"embeddable":true,"href":"https:\/\/kalibrenov.fr\/index.php\/wp-json\/wp\/v2\/comments?post=199"}],"version-history":[{"count":4,"href":"https:\/\/kalibrenov.fr\/index.php\/wp-json\/wp\/v2\/pages\/199\/revisions"}],"predecessor-version":[{"id":238,"href":"https:\/\/kalibrenov.fr\/index.php\/wp-json\/wp\/v2\/pages\/199\/revisions\/238"}],"wp:attachment":[{"href":"https:\/\/kalibrenov.fr\/index.php\/wp-json\/wp\/v2\/media?parent=199"}],"curies":[{"name":"wp","href":"https:\/\/api.w.org\/{rel}","templated":true}]}}